 = 8*d(q) + 3*x(q). Let j be b(3). Calculate the highest common divisor of 11 and j.
11
Suppose 2*g + 2*t + t = -652, 0 = -4*g - 3*t - 1292. Let i = -223 - g. Let x = i - 67. Calculate the greatest common factor of x and 12.
6
Let d(f) = -11*f - 3. Let r be d(-2). Let q = -543 - -995. Suppose 4*o - 80 - q = 0. Calculate the greatest common divisor of r and o.
19
Suppose 2*f + u = 65, -5*u + 115 + 30 = 4*f. Calculate the highest common factor of f and 8.
2
Suppose 9*h - 163 = 80. What is the greatest common divisor of h and 108?
27
Let s be (-2)/(4/(-78)) - 4. Let r = 128 + -114. Calculate the greatest common factor of s and r.
7
Let f = -1375 + 1485. Let a(h) = -2*h. Let i be a(-5). Calculate the greatest common factor of f and i.
10
Let r(v) = 24*v**2. Let c be r(2). What is the highest common divisor of c and 24?
24
Let f(h) = -h**2 + 5*h - 5. Let t be f(2). Let d be (1 - (-12)/(-8))*(-378)/t. Calculate the highest common divisor of d and 27.
27
Suppose 440 - 152 = 4*h. Let u = -9912 - -9920. What is the greatest common divisor of h and u?
8
Let x be (-411)/(-2) - 2/4. Let g(f) = 368*f - 286. Let s be g(1). Calculate the highest common factor of s and x.
41
Suppose 0 = -28*r + 2*r + 5512. What is the highest common factor of r and 53?
53
Let f be ((-14)/(-6))/(((-56)/63)/(-8)). What is the highest common factor of 21 and f?
21
Let o(r) = -r**3 - 16*r**2 - 46*r + 71. Let b be o(-13). Calculate the greatest common factor of 216 and b.
54
Suppose 2*b + 36 = -2*b. Let a be (18/15)/(b/(-210)). Calculate the greatest common divisor of 112 and a.
28
Let u = 105 + -103. Suppose -2*x + 18 = 3*g, 0*g + 2*g + 2*x - 10 = 0. What is the greatest common divisor of u and g?
2
Suppose a = -4*a - 75. Let v be ((-44)/(-10))/((-3)/a). Calculate the highest common divisor of v and 33.
11
Suppose 5*y = -50 - 105. Let i = y + 66. Suppose -i = -3*x - 2*x. Calculate the highest common divisor of 21 and x.
7
Let n = 2141 + -2061. Calculate the highest common factor of n and 780.
20
Let t(d) = d**2 + 23*d + 5. Let n be t(-16). Let k = n + 109. Calculate the greatest common divisor of 18 and k.
2
Suppose 11 = -3*h + 203. Calculate the highest common factor of h and 48.
16
Let n = -44 - -86. Let o be 9/(-12) + (-21)/4. Let s be 25 - (o - (-3)/1). Calculate the greatest common divisor of n and s.
14
Let l(b) = -64*b - 11. Let a = 38 + -40. Let p be l(a). Calculate the greatest common divisor of 13 and p.
13
Let k be (-35)/(-10)*(-4)/(-7). Suppose 4*x - 13*v = -10*v + 4, -2*x = 4*v - 2. Calculate the highest common divisor of x and k.
1
Suppose -58 = -q - 2*a, -a - 55 = -q - 4*a. Let k = q - 56. Suppose -v - 30 = -t, 104 = 2*t + t + 4*v. What is the highest common factor of k and t?
8
Let d be (21/(-2))/((-3)/4). Let v = 1193 - 1158. Calculate the highest common factor of d and v.
7
Suppose -27*l = -24*l - 93. Calculate the greatest common factor of l and 1519.
31
Let p(z) be the second derivative of -1/6*z**3 + 0 - 2*z - 1/12*z**4 - 3/2*z**2 - 3/20*z**5. Let a be p(-3). Calculate the greatest common divisor of 8 and a.
8
Suppose -6*s = -4*s - 120. Let d be ((6/15)/(-1))/((-4)/s). What is the highest common divisor of d and 3?
3
Let d = 21 + -14. Suppose d*x - 27 = 4*x. Let s = -115 - -169. Calculate the highest common factor of x and s.
9
Let j(d) = d**3 + 9*d**2 - 23*d - 7. Let a be j(-11). Suppose -a*q + 2*x + 84 = -80, -5*q = -2*x - 204. What is the highest common factor of 16 and q?
8
Suppose -105 = -8*i + 95. What is the highest common factor of 65 and i?
5
Let k = 1253 + -1252. Calculate the greatest common factor of 2 and k.
1
Let a(n) = -2*n**3 - 6*n**2 + 15*n - 7. Let m be a(-7). Calculate the greatest common divisor of m and 210.
70
Let i(d) = 7*d - d**2 + 0*d**2 - 8*d + 2*d**3. Let c be i(5). Suppose 2*b = -7 + 47. Calculate the greatest common divisor of b and c.
20
Let f(b) = b**2 + 16*b + 31. Let y be f(-15). Let r be 0/(-4) + (4 - -60). Calculate the highest common divisor of y and r.
16
Suppose 4*g - 3*i - 875 = 0, -i - 235 - 204 = -2*g. What is the highest common divisor of 17 and g?
17
Let n = 65 - 9. Let g(p) = -p**3 + 5*p**2 - 10. Suppose -3*a - 4*c - 7 = 0, 4*a = c + c + 20. Let k be g(a). What is the greatest common factor of n and k?
8
Suppose s - 2558 = 5*l, 5*l + 4*s = 6*l + 523. Let y = -277 - l. What is the greatest common divisor of y and 18?
18
Suppose 104 = -14*q + 286. Let y be (-9 + (-12)/(-4))*-1. Let x = 149 - y. What is the greatest common factor of q and x?
13
Let s be ((-1740)/(-8) - 3)*-4. Let z be s/(-27) + 2/9. What is the highest common divisor of z and 32?
32
Let r(x) = 10*x - 5. Let i be r(-4). Let p = 0 - i. Suppose 50*v - 42*v - 144 = 0. What is the greatest common factor of v and p?
9
Let r(h) = -2*h**3 + 9*h**2 - 4 + 4*h - 2*h**2 - 3*h**2. Let u be r(-4). What is the highest common factor of u and 43?
43
Suppose -10 = -2*b, -4*i - 9*b + 11*b = -42. Calculate the highest common factor of 611 and i.
13
Let v be (-1 + 3/5)/(179/(-110085)). What is the greatest common divisor of 6 and v?
6
Let g = -56 - -61. Suppose -556 = g*i - 1876. Calculate the greatest common factor of 24 and i.
24
Let f be (-4)/10 - ((-52128)/(-20))/(-6). Calculate the greatest common divisor of f and 14.
14
Let m(g) = g**3 + 10*g**2 - 35*g - 204. Let v be m(-7). Calculate the greatest common divisor of 20 and v.
4
Suppose 2530 = 12*o - 638. What is the highest common divisor of o and 11?
11
Suppose l = -5*c + 47, 44*l + 5*c = 40*l + 113. Calculate the greatest common divisor of l and 187.
11
Let o be (-1 + 2)/((-6)/18) - -7. Suppose -26*t + o*t = -242. What is the highest common divisor of 33 and t?
11
Suppose -4*b = 2*l + 198, b + 0*l + 51 = -2*l. Let q = b - -87. What is the highest common divisor of q and 304?
38
Suppose -85 = -5*d - 5*t, 3*d - 18*t = -15*t + 45. Let y(b) = 36*b**2. Let q be y(-2). Calculate the greatest common divisor of d and q.
16
Suppose -2*a = 5*x - 556, -71*a = -68*a + 6. Calculate the greatest common divisor of 252 and x.
28
Let q(l) = -l + 134. Let i be q(-28). What is the greatest common factor of i and 36?
18
Suppose 5*h = 0, 0*i - i - 3*h + 21 = 0. Let m be (-8 - -4)*5/(-20). Let x be (m - -5)*6/12. What is the highest common divisor of x and i?
3
Let q(g) = -g - 3. Let c be q(-2). Let d be 0/(-3) + 9 - 2/c. Let f be (-2 + 35)*1/3. What is the greatest common divisor of f and d?
11
Let g = -78 - -83. Suppose -3*v - h + 52 = -2*h, 0 = g*v - 5*h - 90. What is the greatest common divisor of v and 85?
17
Suppose -38 - 162 = -5*u + b, 0 = 3*b. Suppose 0 = 5*o - m - 15 - u, -75 = -5*o + 5*m. Calculate the greatest common factor of 50 and o.
10
Let w = 117 - 45. Let g be (-10)/15*-6*-12. Let k be (-54)/8*g/18. Calculate the greatest common factor of w and k.
18
Let a = 254 + -182. Calculate the greatest common factor of a and 180.
36
Let m = 3 + 2. Suppose y + 4*y = -m*t + 15, 3*y - 16 = -4*t. Suppose -t*i + 13*i - 60 = 0. Calculate the highest common factor of i and 25.
5
Let f be 4*921/15 - 24/40. Calculate the greatest common divisor of 70 and f.
35
Suppose 0 = -3*v + 5*z + 153, 213 - 42 = 3*v + z. Calculate the highest common divisor of 49 and v.
7
Let r = 978 - -544. Suppose r = 11*n + 37. Calculate the greatest common divisor of n and 90.
45
Let b be (-27)/(-18)*(6 + 0). Let o be -1*((-3)/1 - 2). Suppose 126 = -3*j + o*j. What is the greatest common factor of b and j?
9
Suppose 3*q - 3*l = 1776, -3*l = -4*q + 2*l + 2371. Calculate the greatest common factor of 62 and q.
31
Suppose 6*j = 835 + 383. Calculate the highest common divisor of 87 and j.
29
Let b be (-1)/4*-2*24. Suppose -3*t + 5 = 5*k + 6, 2*t = 3*k + 31. Suppose -19*q + 132 = -t*q. Calculate the greatest common divisor of b and q.
12
Suppose 5*m = -2*n + 6, 6*m - 3*n - 16 = m. Let f be 27 - (6/(-3) + m). Let g = f - 15. Calculate the greatest common factor of g and 8.
4
Let i be ((-164)/410)/((-2)/180). Suppose 116 = 5*q + 26. Calculate the highest common factor of i and q.
18
Let h(x) = 2*x - 9. Let r be h(7). Suppose 2*s + 5*k = 77, 0 = -r*s - 2*k + 135 + 5. What is the greatest common factor of 52 and s?
26
Let m be 0 + -2 + 32*1. Suppose -24 = -357*v + 355*v. Calculate the highest common factor of v and m.
6
Suppose 3*l + 4*n - 11 = 55, 0 = -5*n. What is 